e x = -z*x + 9. Let q(m) = m**3 - 3*m**2 + 2*m - 4. What is q(x)?
2
Let l = 93 + -195. Let s = 105 + l. Let a(b) = -3*b**2 - 17*b - 9. Let g(h) = -h**2 - 6*h - 3. Let t(v) = -6*a(v) + 17*g(v). What is t(s)?
12
Let d be (-6)/(-14) + (-29)/((-4669)/(-1518)). Let b(w) = w**2 + 10*w + 5. What is b(d)?
-4
Let f(b) be the second derivative of b**4/6 - 17*b**3/6 + 9*b**2/2 - 3*b + 26. Calculate f(8).
1
Let x = -20 - -23. Let v(w) = 1. Let t(u) = 28*u - 32. Let y(m) = t(m) - 16*v(m). Let j(s) = -4*s + 7. Let n(o) = -20*j(o) - 3*y(o). Calculate n(x).
-8
Let l(z) = -z**2 - 7*z + 9. Suppose -75*g + 70*g = 2*r + 40, -4*r + 50 = -3*g. Give l(g).
-21
Let p(j) = -j. Let f be p(-5). Suppose 3*z + 42 + f = 5*l, -4*z - 3*l - 24 = 0. Let b be (6/(-9) - 0)*z. Let u(t) = t**2 - 7*t + 9. Determine u(b).
3
Let g(u) = -15*u**2 + 4*u - 3. Let x(z) = 41*z**2 - 13*z + 10. Let w(a) = -11*g(a) - 4*x(a). Give w(-7).
-14
Let a be 1*50/8 + 3/(-12). Suppose 11*n = 10*n - a. Let g(d) = d**3 + 5*d**2 - 7*d - 1. Calculate g(n).
5
Let t(l) = -l**3 - 2*l**2 + 3*l + 2. Let r(a) = a**3 + 2*a**2 - 4*a - 2. Let n(z) = 7*z - 4. Let s be n(1). Let v(m) = s*r(m) + 4*t(m). Determine v(-2).
2
Let r be (-18)/(-8) + -2 + (-44)/(-16). Let s be 2/r*1*(-17 + 20). Let x(f) = -f**3 + f**2 - f - 2. Determine x(s).
-8
Let u(n) = n**2 - 3*n + 2. Suppose 4*h - 16 = 2*x, -x + 5*h = 7 + 13. Let d be x + 16/4 - (0 + 1). Calculate u(d).
2
Suppose 0 = -3*k - 137 + 155. Let v(z) = -z + 13. Give v(k).
7
Let c(x) be the first derivative of 2 + 0*x + 2/3*x**3 + 1/2*x**2. Suppose -10*t = -4*t - 12. Calculate c(t).
10
Let r(z) = z**2 - 3. Let f(k) = -k**3 - 5*k**2 + k + 13. Suppose -5*j + 9 = -1. Let u = -18 + 27. Let x(l) = j*f(l) + u*r(l). What is x(-2)?
7
Let p(r) = -r**2 + 6*r - 13. Let a(l) = l - 2. Let g(x) = -5*a(x) + p(x). What is g(4)?
-15
Let n be 2 - (-19)/(-17) - (-8)/68. Let b(t) = -36*t. Calculate b(n).
-36
Let r(t) = 5*t**2 + 2*t - 13. Let p(n) = -11*n**2 - 5*n + 27. Let a(i) = 4*p(i) + 9*r(i). Let l(x) = -x**2 + x + 8. Let z(o) = 6*a(o) + 7*l(o). What is z(-6)?
-4
Let c(b) = -b**3 + 7*b**2 - 4*b - 4. Suppose -4*i - 32 = 3*v, 3*v = 2*i - 6 + 22. Let h be 23/3*(-15)/(-5)*-2. Let o be h/i - 2/(-8). Calculate c(o).
8
Let k(h) = 471*h - 464*h + 8*h**2 - 9*h**2 - 6. Determine k(6).
0
Let f(z) = z**3 - 5*z**2 - 7*z + 4. Suppose -l + 15 = 4*n - n, 4*n - 18 = -l. What is f(l)?
-2
Let j(p) = -2*p + 9. Let m be (-6 - (0 - -2))*-1. Calculate j(m).
-7
Let x(f) = -f**2 + 10*f - 13. Let o(a) = 4*a**2 - 46*a + 84. Let n be o(2). Calculate x(n).
3
Let k(g) be the third derivative of -g**5/60 + 3*g**4/8 + 2*g**3 - 2*g**2 - 11. Let b(x) be the first derivative of k(x). Give b(6).
-3
Let j(c) = -4*c**2 + 3*c - 4. Let r(g) = 5*g**2 - 6*g + 4. Let h(m) = -4*j(m) - 3*r(m). Suppose -2*w - 2 = 6. Give h(w).
-4
Let n be -3*4/(2/(-2)). Suppose -4*b = -4*k + n, b = -b. Suppose -k*j - 2 = -4*s, 5*s = -3*j + 4 + 12. Let c(g) = 5*g - 2. Determine c(s).
8
Let j(r) be the first derivative of r**4/4 + 5*r**3/3 - r**2/2 - 4*r + 992. Calculate j(-4).
16
Let b(h) = -13*h - 11. Let k(f) be the third derivative of -f**4/8 - f**3/2 - 12*f**2. Let g(y) = -2*b(y) + 9*k(y). Determine g(0).
-5
Suppose -6 + 9 = f. Let t(p) = 2*p**2 - p + 0 + 0 - 35*p**f + 41*p**3. Calculate t(1).
7
Let y(c) = -7*c**2 + 3*c + 10. Let q(w) = -4*w**2 + w + 5. Let j(n) = -5*q(n) + 3*y(n). What is j(4)?
5
Suppose 9 = -3*z + 24. Let i(a) = 112*a. Let g(f) = 673*f + 1. Let n(t) = -g(t) + 6*i(t). Give n(z).
-6
Suppose -48 = -3*w - 6. Let n = 17 - w. Let p(d) = -80*d + 75*d + d**3 - 2*d**2 + 2 + d**2. Calculate p(n).
5
Let k be (1/(-2) + 50220/24)/2. Let o(i) = -6 - 1047*i**2 - i - i**3 + 2*i**3 + k*i**2. What is o(0)?
-6
Let q(g) = 6 + 6*g + 5*g - 4*g - 5. Calculate q(1).
8
Let f(h) be the second derivative of 3*h**3 - 30*h. Calculate f(-1).
-18
Let s(u) be the third derivative of u**7/1680 - u**6/180 + u**5/60 - 11*u**2. Let b(o) be the third derivative of s(o). What is b(6)?
14
Let z(v) = 2*v**3 - 5*v**2 + v + 7. Let k be z(2). Let f(h) = -6*h**3 + 10*h**2 + 5. Let b(q) = 7*q**3 - 11*q**2 + q - 6. Let s(w) = k*b(w) + 6*f(w). Give s(6).
-6
Suppose 8*s - 2 = 4*s + 2*k, 4*k - 18 = -3*s. Let t(w) = w + s + 7 + 2 - 5. What is t(-5)?
1
Let q(g) = -g**2 + 6*g - 2. Suppose -16*a + 22*a - 54 = 0. Let f be 44/8 + a/(-6). Calculate q(f).
6
Let r be -9*(1 + 12/(-9)). Suppose r = 2*x - x. Let u(d) = 4 - 2*d**3 + 2*d**x + 0*d**3 - d**3 + 3*d - 4*d**2. Calculate u(-4).
-8
Suppose -1 = c - 18. Let a = c + -11. Let q(b) = 3*b**2 + 7*b - 2. Let r(j) = 4*j**2 + 7*j - 1. Let z(p) = -5*q(p) + 4*r(p). Give z(a).
0
Suppose -3*l - 5*v + 17 = 4, -10 = -5*v. Let z(u) = -9*u**2 + u - 2. Determine z(l).
-10
Let x = 13 - 7. Suppose -2*p - 8 = -4*t, -3*t = 3*p - x + 27. Let u(o) = -13*o + 3. Let l(s) = -37*s + 8. Let q(w) = -6*l(w) + 17*u(w). What is q(p)?
-3
Let q(n) = 2*n**3 - n**2 + 2*n - 1. Let h(u) = -18*u**3 - 2*u**2 + 2*u. Let r(g) = h(g) - q(g). Calculate r(-1).
20
Let h(k) = -10*k - 18. Let x be h(-8). Let l be x/(-28)*-2 + 3/(-7). Let d(j) be the second derivative of -j**3/6 + 7*j**2/2 + j. Calculate d(l).
3
Let z(m) = 10*m**3 - 2*m + 1. Let k(v) = v**2 - 11*v + 29. Let h be (-4)/8 + -2 + (-57)/(-6). Let t be k(h). Calculate z(t).
9
Let a(t) = -5*t + 2*t + t - 2. Let c be 0 + (-2 - (-10)/2). Calculate a(c).
-8
Let a(n) = 9*n**2 - 19*n - 1. Let g(z) = 4*z**2 - 9*z - 1. Let u(c) = -3*a(c) + 7*g(c). What is u(6)?
-4
Let v(p) = 2*p**2 - 35*p + 21. Let y be v(17). Suppose r - 3*r - y = 0. Let z(j) = j**2 + 5*j + 1. What is z(r)?
-5
Let q(g) = 8*g + 16. Let m(i) = -15*i - 29. Let b(d) = 6*m(d) + 11*q(d). Calculate b(-3).
8
Let o(h) = 2 + 4 + 3*h - 2. Suppose 34*f - 105*f = 426. Give o(f).
-14
Let y(q) = -q**2 + 3*q + 5. Let b be 1/2 + (452/8 - 3). Let i be 1 + (-42)/b + 34/9. What is y(i)?
1
Let q = -12 - -12. Let s(h) = h + 1. Let g(n) = -3*n - 4. Let o(y) = g(y) + 2*s(y). Determine o(q).
-2
Let d(g) = -4*g**3 + g**2 - 2*g - 7. Let r(i) = 9*i**3 - 3*i**2 + 4*i + 14. Let h(t) = -7*d(t) - 3*r(t). What is h(-3)?
-8
Let a(k) be the second derivative of k**4 - k**3/3 - k**2 - 621*k. Calculate a(-1).
12
Let c(t) = -34*t + 12*t**2 - 13*t**2 + 1 + 14*t + 10*t + 9*t. What is c(4)?
-19
Let h(p) = -7*p**2 - 6*p - 10. Let b(q) = -12*q**2 - 12*q - 19. Let t(o) = -3*b(o) + 5*h(o). Determine t(-3).
-2
Let c(o) = 3*o - 14. Let x be c(7). Suppose -9*p + 28 = -x*p. Suppose -i = z + 7, -2*i + 0*z - z - p = 0. Let r(g) = -g**2 - 7*g + 2. What is r(i)?
2
Suppose 11*u = -31*u. Let z(i) = 5*i**2 + 4*i. Let t(a) = 6*a**2 + 5*a + 1. Let c(j) = -4*t(j) + 5*z(j). Give c(u).
-4
Let g = -37 - -16. Let l = g - -23. Let i(v) = 4*v**3 + v**3 - 1 - l*v - 6*v**3 + 0*v**3. Determine i(-1).
2
Let y(q) = -9*q**3 - 2*q**2 - 8*q - 11. Let u(k) = -2*k**3 + k**2 - 1. Let f(i) = -4*u(i) + y(i). What is f(-5)?
8
Let w = -8 - -6. Let r(j) = 4 + 1 + 8 - 3*j - 12. Give r(w).
7
Let m(u) = 2*u**3 - 3*u**2 + u. Let z(r) = r**3. Let y(d) = d**2 + 8*d - 6. Let q be y(-9). Let h(v) = q*z(v) - m(v). What is h(-4)?
-12
Let t be 3/(-1) - 20/(-5). Let m(f) = -1 + 4*f + 2*f + 15*f - 8*f. Give m(t).
12
Let y(r) = -r**2 - 8*r - 1. Let f(i) = i**2 + 4*i - 5. Let l be f(-5). Let n(k) = -k**2 + 2*k - 27. Let z be n(l). Let p = z + 22. Determine y(p).
14
Let n(h) = h**3 + 16*h**2 + 9*h - 37. Let q be n(-15). Let j = q + -49. Let b(g) = 3*g + 4. Calculate b(j).
16
Let d(a) = -a**2 + 10*a - 10. Let x be (-1221)/(-198) + 5/(-30). Give d(x).
14
Let i(m) = -2*m - 2. Let p(n) = -2 - 15*n - 3 + 10*n. Let z(j) = 8*i(j) - 3*p(j). Determine z(5).
-6
Let p(z) = -32 + z**3 + 11*z**2 + 14 + 15. Determine p(-11).
-3
Suppose i - 6*i = -50. Let w(n) = 2 - 5 + 2*n + 2 - i*n. Give w(-1).
7
Suppose -31*c + 10 = -33*c. Let t(v) = v**3 + 4*v**2 - 7*v - 12. Let k be t(c). Let w(x) = x**3 - x**2 - x. What is w(k)?
-10
Let h(n) = n**2 - 16*n + 14. Let p be h(15). Let u(g) be the second derivative of -g**4/6 - g**3/3 - g**2/2 + 6*g. Determine u(p).
-1
Let n(k) = 9*k**2 + 3 - 8*k - 15 + 8 - k**3. Calculate n(8).
-4
Let s(g) be the third derivative of -g**6/40 - 7*g**5/60 - g**4/12 + g**3/6 + 2*g**2 + 53. Give s(-2).
1
Suppose b - 27 = -0*b. Let s(v) = 2 - 3*v**2 + 2*v**3 - 27*v + b*v. Suppose -8 = -5*n + n. Calculate s(n).
6
Let g(v) = -v**2 + 3*v + 4. Let t(s) be the 